.
-60
Suppose 95 = -413*i + 318*i. Let m(b) = -19*b**3 - 2*b**2 + b + 2. Calculate m(i).
18
Let b(k) be the second derivative of 1/6*k**3 + 1/20*k**5 + 1 + 3/2*k**2 + 3*k + 0*k**4. Let r = -1 + 1. Calculate b(r).
3
Let r(q) = -q**3 - 2*q**2 + 3*q - 1. Let l be r(-3). Let x(v) = v**2 + v - 7. Let h(o) = 13*o**2 + 4*o - 28. Let f(j) = -h(j) + 4*x(j). Give f(l).
-9
Let h = -25185 + 25188. Let w(k) be the second derivative of 0 + 27*k + 0*k**2 + 1/2*k**h. Calculate w(-4).
-12
Let b = -6140 + 6140. Let t(p) = -4*p**2 - 6*p - 27. Let n(s) = -5*s**2 - 7*s - 28. Let o(l) = 5*n(l) - 6*t(l). What is o(b)?
22
Let u(x) = x**3 + 12*x**2 + 37*x - 4. Let o be u(-6). Let p(c) = -3*c**2 - 30*c. Determine p(o).
0
Let w(h) = h**2 - 8*h - 5. Suppose 33501*t - 33481*t - 160 = 0. What is w(t)?
-5
Suppose -3*t + 26 = x - 8*t, 5*x - 2*t = 15. Let q be (15*(-4)/12)/x. Let r(j) = -j**3 - 2*j**2 + 8*j + 3. What is r(q)?
38
Let z(l) be the third derivative of -l**4/24 - 11*l**3/3 + 30*l**2. Let c be z(-15). Let o(a) = -a**2 - 7*a + 8. What is o(c)?
8
Let d = 27 - 15. Suppose 0 = -3*x + 5*x + d. Let h(a) = -31*a**2 + 6*a**2 + 11*a**2 + 15*a**2 + 16 + 7*a - 17. Give h(x).
-7
Let t(g) = 21*g**2 + 6*g - 7. Let v(w) = 127*w**2 + 35*w - 42. Let m(r) = -13*t(r) + 2*v(r). What is m(1)?
-20
Let h = -101 + 147. Let i = -43 + h. Let y(o) = -9 + o + i*o**2 - 5*o**2 + 14. What is y(4)?
-23
Let c(d) = -d**2 - 7*d - 5. Let n(g) be the second derivative of -g**5/20 - 2*g**4/3 + g**3/3 + 5*g**2 - 65*g. Let p be n(-8). Give c(p).
1
Let u(k) be the first derivative of -3*k**2 - 2*k + 99. Suppose -3*s + 24 = -0*s - 2*b, 4*s + 4*b = 12. Suppose -s*v + 6 = -9*v. Give u(v).
10
Suppose -9*u - 8 - 1 = 0. Let p(h) = 5*h**2 + 2*h + 2. Let q be p(u). Let o(n) = 5 - 5*n**3 + 5*n**3 + 3*n**2 - 8*n**2 + n**3. What is o(q)?
5
Let a = -31 + 56. Suppose 3*z = 14 + a. Let q = 4 - z. Let h(j) = j + 9. What is h(q)?
0
Let f(c) = -c**2 + c + 13. Let q be f(4). Let v(x) = x**2 + 1 - 6*x - 4 - q. Determine v(5).
-9
Suppose -25 = -5*x, 3*x + 28 = -5*c + 358. Suppose 0 = c*g - 67*g - 20. Let w(y) = y**2 + 6*y - 5. Determine w(g).
-10
Suppose -3*d + 4*c + 0*c = -20, 0 = 4*d + 4*c - 8. Suppose -1 = d*x - 13. Let i(s) = -1 + 0*s**2 + 2*s - 2*s**2 - 1. What is i(x)?
-14
Let j(u) be the first derivative of -5*u**2/2 + 806. Suppose 4*w + 2 = -0*y + 2*y, 2*w - 3*y = 5. Determine j(w).
10
Suppose -43 + 9 = -6*j + 2. Let l(s) be the third derivative of 1/24*s**4 - 1/12*s**j + 0 + 0*s + 0*s**5 + 0*s**3 + 18*s**2. Calculate l(-1).
9
Let l(t) = 2*t + 23. Suppose 3*v = -2*h - 15, -8*v = -4*h - 3*v - 63. Calculate l(h).
-1
Suppose -8*l = -9*l - 16. Let j = l + 22. Let z(x) = -3 - j*x + 5*x + 7*x. Calculate z(4).
21
Let z(i) = i**2 + 5*i + 16. Suppose 20*k = 11 - 111. Calculate z(k).
16
Let t(q) = 5*q**2 - 8*q + 12. Let h be (-2)/(-8) - (330/(-24) - -3). Let f(d) = -9*d**2 + 17*d - 23. Let b(s) = h*t(s) + 6*f(s). Determine b(-14).
-6
Let o(q) be the third derivative of 7*q**4/6 - 4*q**3/3 - 51*q**2 - 69. Determine o(0).
-8
Let j(l) = -l + 5. Let y be (-1244)/23 + 2/23. Let x be ((-10)/(-6))/((-18)/y). Give j(x).
0
Let o(c) = 51*c**3 - 12*c**2 + 123*c - 3. Let q(p) = 14*p**3 - 3*p**2 + 31*p - 1. Let y(m) = -3*o(m) + 11*q(m). Determine y(-7).
-2
Suppose 0 = 3*x - 2*a - 16, 0*a - 3*a - 13 = x. Let v(m) be the second derivative of -m**3/6 - m**2/2 - 3*m - 196. Calculate v(x).
-3
Let w(r) = r**3 + r**2 - r + 2. Let i be w(0). Let s(q) = -20*q + 3 - 15*q - 18*q - 25*q + 71*q. Calculate s(i).
-11
Let x = 20201 - 20225. Let a(p) = -4*p - 92. Determine a(x).
4
Let w be (1014/(-182))/(2/(-14)). Let r(i) = -7 - 42*i**3 - 38*i**3 + 118*i**3 - 10*i**2 - w*i**3 - 10*i. Determine r(-9).
2
Let p(h) = h**3 - 5*h**2 + h - 7. Let m = 114 - 109. Suppose 0*c = 5*c + m, 113 = 4*t - 5*c. Suppose 35*b - 40 = t*b. Give p(b).
-2
Suppose -238*p + 225*p = 65. Let o(c) = -c**2 + c - 1. Let y(z) = -z**3 - 11*z**2 + 6*z - 5. Let h(w) = -5*o(w) + y(w). What is h(p)?
-30
Let l = -13 - -9. Let a be (l/14)/2 - (-114)/14. Let t(c) be the third derivative of -c**6/120 + 7*c**5/60 + 7*c**4/24 + 11*c**3/6 + 8*c**2 - 1. What is t(a)?
3
Let t(m) = -m**2 - 2*m - 2. Let v be t(-3). Suppose -6*c = 6431 - 26339. Let r(x) = -5*x**3 + 2*x - c*x**2 + 3313*x**2 + 4*x**3. Give r(v).
-10
Let y(l) = -56*l**3 + 91*l**3 + 90*l**3 - 124*l**3 + 2 + 5*l + 5*l**2. Suppose -3*n = 5*t - 4*t + 4, 0 = 4*t - 20. Give y(n).
5
Let y(h) = 13*h**2 - h + 3. Let f(p) = p**2 - 158*p + 3742. Let i be f(29). Give y(i).
15
Let i(v) = 6*v**2 + 3*v - 2. Let w(s) = -13*s**2 - 6*s + 5. Let l(f) = 9*i(f) + 4*w(f). Determine l(-4).
22
Let i(x) = -14 + 32*x + 21*x + 21*x - 61*x + 0. Determine i(4).
38
Let s(y) = -y + 6. Suppose 0 = 4*r + 2*a - 2, -7*r + 8*r - 2*a + 2 = 0. Let n be 1 + (-1)/(-1) - 0. Suppose g - 10 = j, 5 = -g - r*g - n*j. Calculate s(g).
1
Let o(n) be the third derivative of -n**6/120 - 13*n**4/3 + 77*n**2. Let w(h) be the second derivative of o(h). Give w(-4).
24
Let r = -549 + 551. Let n(o) = 0*o + 2*o**3 - 2743*o**2 - 2754*o**2 - o**3 - 14*o - 16 + 5483*o**r. Give n(15).
-1
Let s(r) be the first derivative of r**4/2 - 10*r**3 - 23*r**2/2 - 143*r + 9586. What is s(16)?
1
Let c(n) be the first derivative of -n**4/4 + 14*n**3/3 - 25*n**2/2 + 11*n - 2152. What is c(12)?
-1
Let x be 3 + (-2 - (1 + -1)). Let q be ((-48)/(-16) + 8/(-3))*(-75)/(-5). Let t(i) = i**2 + i + 4. Let r(j) = -1. Let u(m) = q*r(m) + x*t(m). Calculate u(2).
5
Let y = 11 + 13. Suppose -4*z - y = -8*z. Let s(j) = 10*j**2 - 17*j - 45. Let q(i) = 3*i**2 - 6*i - 14. Let v(m) = 7*q(m) - 2*s(m). Calculate v(z).
-20
Suppose -197 - 805 = -3*f. Let l = -336 + f. Let a(q) = 10*q + 5 - 3 + 0. Calculate a(l).
-18
Let g = 27615 + -27578. Let c(y) = 2*y**3 - 73*y**2 - 40*y + 104. Determine c(g).
-7
Let t(o) be the third derivative of 11*o**5/60 - 23*o**4/8 + 5*o**3/2 + 120*o**2 - 9*o. Give t(6).
-3
Let u(s) = -727 - s + 727 + 7*s. Let d be u(-1). Let i(v) = -v**3 + v**2 + v. Let t(n) = -4*n**3 - 3*n**2 + 3*n + 3. Let z(r) = -3*i(r) + t(r). Calculate z(d).
3
Suppose -36*l = -29*l + 49. Let x(k) = 16*k**2 - 4 - 10*k**2 - 4 - 7*k - 7*k**2. Determine x(l).
-8
Let m(q) = -10*q**2 - 15*q + 45. Let l be m(-3). Let s(v) = v**3 - v + 21. Give s(l).
21
Let w(c) = -5*c**2 + 7*c - 3. Let y(z) = -4*z**2 + 8*z - 3. Let j(k) = -3*w(k) + 4*y(k). Suppose -493 = -60*a + 457 - 290. Give j(a).
-3
Let q(z) be the third derivative of z**4/24 + z**3/6 - 2*z**2. Suppose 160*p - 3031 = 344*p + 249*p. Calculate q(p).
-6
Let o(w) = -w + 2*w - 4 - w**3 + w - 5*w**2. Suppose 5*d + 3*v + 287 = 0, -38 = 2*v - 30. Let t be 212/(-44) - (-5)/(d/2). Give o(t).
-14
Let m(t) = -t**2 - 4*t - 2. Let j(l) = -l**3 - 5*l**2 - 5*l - 33. Let h be j(-6). Let u = 29 - h. What is m(u)?
-2
Let u = 6498 + -6498. Let h(j) be the second derivative of -j**4/12 + j**3/6 - 3*j**2 + j. What is h(u)?
-6
Let t be (-12 - (-10 + 4)) + 13. Let o(c) = 9 - 5 - 6 - 17*c + 8*c**2 - t + 11*c - c**3. Determine o(7).
-2
Let b(o) = -1980*o - 1979*o - 21 - 11 + 3952*o. Calculate b(-5).
3
Let k(h) be the third derivative of h**5/60 - 5*h**4/12 - 3*h**3/2 - 61*h**2. What is k(11)?
2
Let x be (-17)/((-3 - -3) + -1). Let j(l) = x*l - 9*l**2 - 21*l - 2 + 17*l**2 + 4. Calculate j(2).
26
Let g(c) = -5*c + 36. Let n be ((-15)/(-60) + (-4)/(-16))/((-1)/(-26)). Give g(n).
-29
Let g be (-30)/40 + (-54)/(-8). Let m(v) be the third derivative of 4/3*v**3 + 1/4*v**4 + 0 - 1/60*v**5 - 2*v - 21*v**2. What is m(g)?
8
Suppose -3*z + 12 = 0, -5*r = -3*z - 0*z - 3273. Let q(g) = -2*g + 631 - r - 2*g + 5*g. Let p be q(14). Let a(w) = w + 8. Determine a(p).
-4
Let x be 1/(-4) - (-125)/20. Suppose -w + 5*d + 28 = 0, 3*w + 4*d + 3 = 11. Let j(p) = 3*p**3 - 2*p**3 - 33 + 18 + 16 + w*p - 8*p**2. Determine j(x).
-23
Let h(v) = -v**3 - v**2 - v - 16. Let a = 3 + 3. Suppose 805*w = 833*w - 168. Suppose -w + a = 3*u. Calculate h(u).
-16
Let v(d) = -113*d - 12428. Let g be v(-110). Let b(n) = -3 - 2*n**2 + 0*n - n + 3*n**2. What is b(g)?
-1
Let z(q) = 3*q + 22. Let r = -111 - -119. Let k be z(r). Let a = k - 48. Let h(d) = 6*d + 1. Determine h(a).
-11
Let n = -17 - -20. Suppose 4*m + q - 223 = -4*q, -n*m = -q - 153. Let t = m + -50. Let a(l) = -2*l**2 - 2. Give a(t).
-10
Let d(b) = 5*b. Let a be d(1). Suppose 6 = -a*v + 4*t, -